{"id":490,"date":"2025-12-21T16:50:09","date_gmt":"2025-12-21T15:50:09","guid":{"rendered":"http:\/\/agencepey.fr\/?page_id=490"},"modified":"2026-01-26T16:36:45","modified_gmt":"2026-01-26T15:36:45","slug":"yugo","status":"publish","type":"page","link":"http:\/\/agencepey.fr\/?page_id=490","title":{"rendered":"YUGO"},"content":{"rendered":"\n<figure class=\"wp-block-table project-table-informations\"><table class=\"has-contrast-color has-custom-beige-background-color has-text-color has-background has-link-color has-fixed-layout\" style=\"border-style:none;border-width:0px\"><thead><tr><th class=\"has-text-align-center\" data-align=\"center\">Mission<\/th><th>Programme<\/th><th class=\"has-text-align-center\" data-align=\"center\">Localisation<\/th><th class=\"has-text-align-center\" data-align=\"center\">Surface<\/th><\/tr><\/thead><tbody><tr><td class=\"has-text-align-center\" data-align=\"center\">Plans (phase 1) et accompagnement choix<\/td><td>Restaurant<\/td><td class=\"has-text-align-center\" data-align=\"center\">Pau<\/td><td class=\"has-text-align-center\" data-align=\"center\">23m\u00b2<\/td><\/tr><\/tbody><\/table><\/figure>\n\n\n\n<p class=\"has-text-align-center wp-block-paragraph\" style=\"font-style:normal;font-weight:300\">La r\u00e9novation de ce restaurant visait \u00e0 agrandir visuellement l\u2019espace et \u00e0 renforcer la luminosit\u00e9, tout en accompagnant l\u2019\u00e9volution de la carte vers une cuisine aux influences asiatiques et fran\u00e7aises. L\u2019am\u00e9nagement int\u00e9rieur propose un \u00e9quilibre subtil entre modernit\u00e9, clart\u00e9 et identit\u00e9 culinaire.<\/p>\n\n\n\n<div class=\"alignnormal\"><div id=\"metaslider-id-494\" style=\"width: 100%;\" class=\"ml-slider-3-104-0 metaslider metaslider-flex metaslider-494 ml-slider has-dots-nav ms-theme-default-base\" role=\"region\" aria-label=\"Diaporama Yugo\" data-height=\"450\" data-width=\"700\">\n    <div id=\"metaslider_container_494\">\n        <div id=\"metaslider_494\">\n            <ul aria-live='off' class='slides'>\n                <li style=\"display: block; width: 100%;\" class=\"slide-509 ms-image \" aria-roledescription=\"slide\" data-date=\"2026-01-03 15:40:27\" data-filename=\"CannelleB_AgencePey_Yugo_25_11_2-700x450.jpg\" data-slide-type=\"image\"><img loading=\"lazy\" decoding=\"async\" src=\"http:\/\/agencepey.fr\/wp-content\/uploads\/2026\/01\/CannelleB_AgencePey_Yugo_25_11_2-700x450.jpg\" height=\"450\" width=\"700\" alt=\"\" class=\"slider-494 slide-509 msDefaultImage\" title=\"CannelleB_AgencePey_Yugo_25_11_2\" \/><\/li>\n                <li style=\"display: none; width: 100%;\" class=\"slide-510 ms-image \" aria-roledescription=\"slide\" data-date=\"2026-01-03 15:40:27\" data-filename=\"CannelleB_AgencePey_Yugo_25_11_1-700x450.jpg\" data-slide-type=\"image\"><img loading=\"lazy\" decoding=\"async\" src=\"http:\/\/agencepey.fr\/wp-content\/uploads\/2026\/01\/CannelleB_AgencePey_Yugo_25_11_1-700x450.jpg\" height=\"450\" width=\"700\" alt=\"\" class=\"slider-494 slide-510 msDefaultImage\" title=\"CannelleB_AgencePey_Yugo_25_11_1\" \/><\/li>\n                <li style=\"display: none; width: 100%;\" class=\"slide-534 ms-image \" aria-roledescription=\"slide\" data-date=\"2026-01-26 16:44:06\" data-filename=\"CannelleB_AgencePey_Yugo_25_11_3-700x450.jpg\" data-slide-type=\"image\"><img loading=\"lazy\" decoding=\"async\" src=\"http:\/\/agencepey.fr\/wp-content\/uploads\/2026\/01\/CannelleB_AgencePey_Yugo_25_11_3-700x450.jpg\" height=\"450\" width=\"700\" alt=\"\" class=\"slider-494 slide-534 msDefaultImage\" title=\"CannelleB_AgencePey_Yugo_25_11_3\" \/><\/li>\n            <\/ul>\n        <\/div>\n        \n    <\/div>\n<\/div><\/div>\n","protected":false},"excerpt":{"rendered":"<p>Mission Programme Localisation Surface Plans (phase 1) et accompagnement choix Restaurant Pau 23m\u00b2 La r\u00e9novation de ce restaurant visait \u00e0 agrandir visuellement l\u2019espace et \u00e0 renforcer la luminosit\u00e9, tout en accompagnant l\u2019\u00e9volution de la carte vers une cuisine aux influences asiatiques et fran\u00e7aises. L\u2019am\u00e9nagement int\u00e9rieur propose un \u00e9quilibre subtil entre modernit\u00e9, clart\u00e9 et identit\u00e9 culinaire.<\/p>\n","protected":false},"author":1,"featured_media":175,"parent":0,"menu_order":0,"comment_status":"closed","ping_status":"closed","template":"test","meta":{"_crdt_document":"","inline_featured_image":false,"footnotes":""},"class_list":["post-490","page","type-page","status-publish","has-post-thumbnail","hentry"],"_links":{"self":[{"href":"http:\/\/agencepey.fr\/index.php?rest_route=\/wp\/v2\/pages\/490","targetHints":{"allow":["GET"]}}],"collection":[{"href":"http:\/\/agencepey.fr\/index.php?rest_route=\/wp\/v2\/pages"}],"about":[{"href":"http:\/\/agencepey.fr\/index.php?rest_route=\/wp\/v2\/types\/page"}],"author":[{"embeddable":true,"href":"http:\/\/agencepey.fr\/index.php?rest_route=\/wp\/v2\/users\/1"}],"replies":[{"embeddable":true,"href":"http:\/\/agencepey.fr\/index.php?rest_route=%2Fwp%2Fv2%2Fcomments&post=490"}],"version-history":[{"count":7,"href":"http:\/\/agencepey.fr\/index.php?rest_route=\/wp\/v2\/pages\/490\/revisions"}],"predecessor-version":[{"id":529,"href":"http:\/\/agencepey.fr\/index.php?rest_route=\/wp\/v2\/pages\/490\/revisions\/529"}],"wp:featuredmedia":[{"embeddable":true,"href":"http:\/\/agencepey.fr\/index.php?rest_route=\/wp\/v2\/media\/175"}],"wp:attachment":[{"href":"http:\/\/agencepey.fr\/index.php?rest_route=%2Fwp%2Fv2%2Fmedia&parent=490"}],"curies":[{"name":"wp","href":"https:\/\/api.w.org\/{rel}","templated":true}]}}